-106 (base 8) to base 6
-154
Convert -21 (base 3) to base 16.
-7
1 (base 13) to base 3
1
Convert -563 (base 7) to base 14.
-16a
What is -14 (base 5) in base 4?
-21
What is 103 (base 8) in base 11?
61
12 (base 11) to base 5
23
What is -177 (base 9) in base 16?
-97
What is -2 (base 6) in base 8?
-2
542 (base 6) to base 10
206
19 (base 10) to base 7
25
What is 202 (base 4) in base 11?
31
-12 (base 5) to base 15
-7
Convert 20 (base 4) to base 11.
8
11 (base 6) to base 11
7
What is 16 (base 10) in base 5?
31
-1b (base 16) to base 6
-43
Convert -17 (base 11) to base 13.
-15
Convert 2 (base 9) to base 6.
2
-11 (base 14) to base 16
-f
Convert -11110 (base 2) to base 12.
-26
5 (base 16) to base 7
5
Convert 8a (base 15) to base 13.
a0
-2 (base 3) to base 15
-2
What is 22 (base 10) in base 12?
1a
355 (base 7) to base 5
1222
Convert -2 (base 7) to base 9.
-2
Convert 101 (base 4) to base 16.
11
What is -6 (base 14) in base 13?
-6
What is -16 (base 12) in base 15?
-13
What is 12030 (base 4) in base 5?
3041
What is -1101 (base 3) in base 10?
-37
Convert -21 (base 9) to base 12.
-17
What is -3 (base 14) in base 12?
-3
What is 1233 (base 6) in base 16?
135
7 (base 8) to base 5
12
5 (base 16) to base 7
5
Convert 214 (base 6) to base 2.
1010010
Convert -21 (base 8) to base 12.
-15
Convert 102 (base 3) to base 10.
11
What is -103 (base 4) in base 3?
-201
Convert -1 (base 3) to base 11.
-1
Convert -203 (base 4) to base 10.
-35
29 (base 14) to base 9
41
3 (base 8) to base 6
3
What is -bb (base 16) in base 7?
-355
Convert 10102 (base 3) to base 6.
232
What is 1000100 (base 2) in base 15?
48
What is -6 (base 11) in base 10?
-6
What is -25 (base 14) in base 3?
-1020
What is 62 (base 16) in base 15?
68
What is 0 (base 3) in base 13?
0
What is -2 (base 5) in base 9?
-2
Convert -53 (base 13) to base 2.
-1000100
Convert -31 (base 12) to base 16.
-25
What is 91 (base 14) in base 6?
331
4 (base 9) to base 5
4
Convert -20 (base 4) to base 10.
-8
Convert -12 (base 8) to base 4.
-22
-26 (base 8) to base 16
-16
Convert -1413 (base 6) to base 12.
-269
Convert -11 (base 13) to base 12.
-12
What is -1332 (base 4) in base 5?
-1001
What is -1 (base 3) in base 13?
-1
Convert -46 (base 8) to base 4.
-212
What is 71 (base 13) in base 15?
62
-56 (base 9) to base 7
-102
5d (base 16) to base 8
135
What is 0 (base 10) in base 8?
0
What is -2 (base 11) in base 2?
-10
What is 2 (base 5) in base 13?
2
Convert -68 (base 10) to base 3.
-2112
Convert 246 (base 10) to base 4.
3312
What is 3 (base 8) in base 12?
3
What is 116 (base 12) in base 10?
162
Convert -234 (base 6) to base 3.
-10111
Convert -10 (base 6) to base 2.
-110
-1 (base 3) to base 8
-1
What is 0 (base 6) in base 16?
0
-17 (base 16) to base 13
-1a
What is 21 (base 9) in base 15?
14
-6 (base 13) to base 12
-6
17 (base 14) to base 15
16
5 (base 13) to base 7
5
What is -2 (base 13) in base 6?
-2
Convert -24 (base 8) to base 12.
-18
What is -11e (base 15) in base 13?
-167
-414 (base 6) to base 7
-310
-111 (base 2) to base 12
-7
Convert 231 (base 8) to base 2.
10011001
11 (base 2) to base 4
3
-1 (base 8) to base 3
-1
-32 (base 6) to base 3
-202
-131 (base 4) to base 5
-104
What is -641 (base 7) in base 11?
-274
What is -18 (base 10) in base 16?
-12
-5 (base 13) to base 8
-5
1 (base 15) to base 14
1
Convert 3 (base 6) to base 4.
3
180 (base 9) to base 10
153
-2 (base 8) to base 4
-2
154 (base 9) to base 14
94
4 (base 14) to base 10
4
10 (base 4) to base 16
4
-7 (base 11) to base 15
-7
Convert 10 (base 3) to base 7.
3
Convert -10 (base 2) to base 12.
-2
8 (base 14) to base 5
13
Convert -9 (base 15) to base 13.
-9
What is 10 (base 3) in base 4?
3
What is -16 (base 8) in base 16?
-e
64 (base 10) to base 4
1000
8 (base 13) to base 8
10
What is 3 (base 10) in base 12?
3
1110111 (base 2) to base 4
1313
What is -16 (base 8) in base 2?
-1110
Convert 3 (base 5) to base 4.
3
3 (base 6) to base 16
3
Convert -26 (base 12) to base 4.
-132
What is -21102 (base 3) in base 7?
-404
What is -1 (base 15) in base 12?
-1
What is 17 (base 8) in base 16?
f
Convert 223 (base 4) to base 9.
47
Convert -2 (base 8) to base 11.
-2
-10 (base 10) to base 8
-12
Convert -10110110 (base 2) to base 10.
-182
110 (base 2) to base 13
6
-10 (base 3) to base 15
-3
Convert 15 (base 16) to base 10.
21
11 (base 13) to base 2
1110
Convert 5 (base 9) to base 7.
5
Convert -79 (base 14) to base 16.
-6b
Convert -4 (base 12) to base 9.
-4
-5 (base 15) to base 16
-5
What is 16 (base 12) in base 15?
13
Convert -15 (base 8) to base 16.
-d
Convert -6 (base 9) to base 13.
-6
-165 (base 8) to base 3
-11100
Convert 61 (base 10) to base 9.
67
Convert 3 (base 16) to base 10.
3
Convert 313 (base 4) to base 11.
50
Convert 101011 (base 2) to base 7.
61
-21 (base 4) to base 2
-1001
3a (base 12) to base 10
46
What is 2 (base 9) in base 11?
2
What is -3 (base 5) in base 13?
-3
What is -132 (base 12) in base 14?
-d0
What is -11 (base 2) in base 4?
-3
Convert 0 (base 10) to base 14.
0
Convert -3 (base 11) to base 2.
-11
-145 (base 11) to base 6
-442
What is -6e (base 15) in base 16?
-68
-23 (base 4) to base 10
-11
4 (base 14) to base 8
4
What is -51 (base 15) in base 16?
-4c
What is -12 (base 6) in base 7?
-11
1111 (base 2) to base 4
33
-3 (base 14) to base 13
-3
What is -355 (base 10) in base 2?
-101100011
4 (base 10) to base 7
4
Convert 2 (base 8) to base 6.
2
Convert 1 (base 10) to base 3.
1
What is -30 (base 6) in base 3?
-200
Convert 405 (base 6) to base 13.
b6
What is 2a (base 12) in base 9?
37
11 (base 14) to base 2
1111
Convert 8 (base 14) to base 2.
1000
162 (base 8) to base 3
11020
What is 134 (base 5) in base 11?
40
Convert 140 (base 7) to base 8.
115
Convert 1 (base 11) to base 2.
1
What is -65 (base 14) in base 12?
-75
What is 1001 (base 2) in base 14?
9
What is -24 (base 15) in base 12?
-2a
Convert 25 (base 8) to base 6.
33
-313 (base 4) to base 8
-67
-26 (base 14) to base 10
-34
Convert -1111101 (base 2) to base 15.
-85
What is 30 (base 14) in base 11?
39
2 (base 12) to base 3
2
Convert 25 (base 14) to base 13.
27
-11 (base 11) to base 2
-1100
What is 1 (base 5) in base 11?
1
What is -79 (base 12) in base 4?
-1131
What is 6a (base 12) in base 10?
82
Convert 10 (base 15) to base 12.
13
What is 0 (base 6) in base 12?
0
What is 2 (base 4) in base 8?
2
-54 (base 11) to base 4
-323
-6 (base 11) to base 14
-6
Convert -1a (base 14) to base 9.
-26
Convert -1 (base 12) to base 6.
-1
Convert -9 (base 11) to base 8.
-11
Convert -12 (base 4) to base 15.
-6
2 (base 13) to base 14
2
What is -10 (base 13) in base 5?
-23
What is 2 (base 16) in base 6?
2
-101 (base 2) to base 16
-5
103 (base 4) to base 11
18
Convert 0 (base 3) to base 14.
0
-17 (base 10) to base 15
-12
What is 110 (base 6) in base 14?
30
21 (base 9) to base 10
19
What is -58 (base 11) in base 6?
-143
-10 (base 14) to base 8
-16
3 (base 15) to base 8
3
110 (base 2) to base 16
6
Convert 103 (base 15) to base 13.
147
What is -4 (base 16) in base 5?
-4
What is 23 (base 12) in base 7?
36
Convert 173 (base 9) to base 2.
10010011
Convert 0 (base 9) to base 2.
0
Convert -29 (base 10) to base 14.
-21
Convert -13 (base 5) to base 10.
-8
What is -31 (base 11) in base 7?
-46
What is -101110 (base 2) in base 6?
-114
-47 (base 14) to base 11
-58
Convert -15 (base 14) to base 6.
-31
Convert -3132 (base 4) to base 16.
-de
What is -1002 (base 4) in base 11?
-60
Convert 20 (base 4) to base 16.
8
-3 (base 6) to base 11
-3
What is 45 (base 12) in base 2?
110101
6 (base 16) to base 2
110
Convert -7 (base 10) to base 9.
-7
Convert -297 (base 11) to base 15.
-183
0 (base 9) to base 10
0
Convert -3022 (base 5) to base 8.
-603
-b (base 15) to base 3
-102
-21 (base 4) to base 7
-12
33 (base 10) to base 16
21
What is -10 (base 7) in base 12?
-7
-213 (base 6) to base 2
-1010001
1 (base 14) to base 15
1
What is 12 (base 7) in base 2?
1001
2 (base 16) to base 3
2
126 (base 8) to base 7
152
3 (base 6) to base 13
3
What is -9 (base 13) in base 14?
-9
What is -10 (base 2) in base 8?
-2
-3 (base 10) to base 16
-3
Convert -3 (base 16) to base 5.
-3
Convert -4 (base 13) to base 11.
-4
1 (base 4) to base 6
1
Convert -102 (base 4) to base 8.
-22
-27 (base 8) to base 5
-43
Convert 1 (base 8) to base 13.
1
Convert 1 (base 9) to base 2.
1
What is 100 (base 2) in base 7?
4
W